{"id":127,"date":"2019-04-12T14:19:05","date_gmt":"2019-04-12T12:19:05","guid":{"rendered":"http:\/\/collectif-lereseau.com\/?page_id=127"},"modified":"2019-04-12T22:23:36","modified_gmt":"2019-04-12T20:23:36","slug":"galerie","status":"publish","type":"page","link":"https:\/\/collectif-lereseau.com\/index.php\/galerie\/","title":{"rendered":"Camille DAMPIERRE"},"content":{"rendered":"\n<div class=\"wp-block-columns has-2-columns is-layout-flex wp-container-core-columns-is-layout-9d6595d7 wp-block-columns-is-layout-flex\">\n<div class=\"wp-block-column is-layout-flow wp-block-column-is-layout-flow\">\n<p>[FinalTilesGallery id=&rsquo;7&prime;]<\/p>\n<\/div>\n\n\n\n<div class=\"wp-block-column is-layout-flow wp-block-column-is-layout-flow\">\n<div class=\"wp-block-image\"><figure class=\"aligncenter is-resized\"><img decoding=\"async\" src=\"http:\/\/collectif-lereseau.com\/wp-content\/uploads\/2019\/04\/Camille-Dampierre-956x1024.png\" alt=\"\" class=\"wp-image-303\" width=\"229\" height=\"245\" srcset=\"https:\/\/collectif-lereseau.com\/wp-content\/uploads\/2019\/04\/Camille-Dampierre-956x1024.png 956w, https:\/\/collectif-lereseau.com\/wp-content\/uploads\/2019\/04\/Camille-Dampierre-280x300.png 280w, https:\/\/collectif-lereseau.com\/wp-content\/uploads\/2019\/04\/Camille-Dampierre-768x822.png 768w, https:\/\/collectif-lereseau.com\/wp-content\/uploads\/2019\/04\/Camille-Dampierre-480x514.png 480w, https:\/\/collectif-lereseau.com\/wp-content\/uploads\/2019\/04\/Camille-Dampierre.png 1103w\" sizes=\"(max-width: 229px) 100vw, 229px\" \/><\/figure><\/div>\n\n\n\n<p>Forte de nombreuses exp\u00e9riences associatives et d\u2019un dipl\u00f4me en Information et Communication je m\u2019installe en freelance et cr\u00e9e mon entreprise (<em>Canal 104<\/em>) en f\u00e9vrier 2016. Depuis janvier 2019, je fais partie du collectif <em>Le R\u00e9seau<\/em>, et j\u2019alterne au gr\u00e8s des projets et des clients, entre les casquettes de r\u00e9alisatrice audiovisuelle, graphiste et photographe.&nbsp;<\/p>\n\n\n\n<p>Mes clients sont \u00e9clectiques et proviennent d\u2019univers multiples. J\u2019ai eu l\u2019occasion de monter des projets avec des acteurs du domaine publiques, telles que des collectivit\u00e9s territoriales, mais aussi avec des organismes priv\u00e9s.<\/p>\n\n\n\n<p>Curieuse de nature, j\u2019aime contempler et interroger le monde qui m\u2019entoure au travers de portraits, de reportages ou bien de travaux plus orient\u00e9s vers le documentaire. Passionn\u00e9e par la communication, j\u2019aime monter des projets qui r\u00e9pondent aux besoins de mes clients et r\u00e9aliser des supports multim\u00e9dias qui sachent r\u00e9sonner avec leurs envies.&nbsp; &nbsp; &nbsp; &nbsp; &nbsp; &nbsp; &nbsp; <\/p>\n\n\n\n<p>Derri\u00e8re chaque projet c\u2019est l\u2019aventure humaine, la rencontre et l\u2019\u00e9change qui m\u2019animent !<\/p>\n\n\n\n<p>  &nbsp; &nbsp; &nbsp; &nbsp; &nbsp; &nbsp; &nbsp; &nbsp; &nbsp; &nbsp; &nbsp; &nbsp; &nbsp; &nbsp; &nbsp; &nbsp; &nbsp; &nbsp; &nbsp; &nbsp; &nbsp; &nbsp; <em><strong>\u2022&nbsp;<a href=\"http:\/\/www.instagram.com\/camille_damp\">Instagram&nbsp;<\/a>&nbsp; &nbsp; \u2022&nbsp;<a href=\"http:\/\/www.instagram.com\/camille_damp_onfilm\/\">Argentique<\/a>&nbsp; &nbsp; &nbsp;&nbsp;\u2022&nbsp;<a href=\"https:\/\/www.facebook.com\/CamilleDamp\/\">Facebook<\/a>&nbsp; &nbsp; &nbsp; \u2022&nbsp;<a href=\"http:\/\/www.camilledampierre.com\">Site Web<\/a><\/strong><\/em><\/p>\n<\/div>\n<\/div>\n","protected":false},"excerpt":{"rendered":"<p>[FinalTilesGallery id=&rsquo;7&prime;] Forte de nombreuses exp\u00e9riences associatives et d\u2019un dipl\u00f4me en Information et Communication je m\u2019installe en freelance et cr\u00e9e mon entreprise (Canal 104) en f\u00e9vrier 2016. Depuis janvier 2019, je fais partie du collectif Le R\u00e9seau, et j\u2019alterne au gr\u00e8s des projets et des clients, entre les casquettes de r\u00e9alisatrice audiovisuelle, graphiste et photographe.&nbsp;<br \/><a class=\"moretag\" href=\"https:\/\/collectif-lereseau.com\/index.php\/galerie\/\">+ Lire Plus<\/a><\/p>\n","protected":false},"author":1,"featured_media":0,"parent":0,"menu_order":0,"comment_status":"closed","ping_status":"closed","template":"","meta":{"_coblocks_attr":"","_coblocks_dimensions":"","_coblocks_responsive_height":"","_coblocks_accordion_ie_support":"","ngg_post_thumbnail":0,"footnotes":""},"class_list":["post-127","page","type-page","status-publish","hentry"],"jetpack_shortlink":"https:\/\/wp.me\/PaTthb-23","jetpack_sharing_enabled":true,"_links":{"self":[{"href":"https:\/\/collectif-lereseau.com\/index.php\/wp-json\/wp\/v2\/pages\/127","targetHints":{"allow":["GET"]}}],"collection":[{"href":"https:\/\/collectif-lereseau.com\/index.php\/wp-json\/wp\/v2\/pages"}],"about":[{"href":"https:\/\/collectif-lereseau.com\/index.php\/wp-json\/wp\/v2\/types\/page"}],"author":[{"embeddable":true,"href":"https:\/\/collectif-lereseau.com\/index.php\/wp-json\/wp\/v2\/users\/1"}],"replies":[{"embeddable":true,"href":"https:\/\/collectif-lereseau.com\/index.php\/wp-json\/wp\/v2\/comments?post=127"}],"version-history":[{"count":11,"href":"https:\/\/collectif-lereseau.com\/index.php\/wp-json\/wp\/v2\/pages\/127\/revisions"}],"predecessor-version":[{"id":321,"href":"https:\/\/collectif-lereseau.com\/index.php\/wp-json\/wp\/v2\/pages\/127\/revisions\/321"}],"wp:attachment":[{"href":"https:\/\/collectif-lereseau.com\/index.php\/wp-json\/wp\/v2\/media?parent=127"}],"curies":[{"name":"wp","href":"https:\/\/api.w.org\/{rel}","templated":true}]}}

<div class="wp-block-columns has-2-columns is-layout-flex wp-container-core-columns-is-layout-9d6595d7 wp-block-columns-is-layout-flex">
<div class="wp-block-column is-layout-flow wp-block-column-is-layout-flow">
<p>[FinalTilesGallery id=&rsquo;7&prime;]</p>
</div>



<div class="wp-block-column is-layout-flow wp-block-column-is-layout-flow">
<div class="wp-block-image"><figure class="aligncenter is-resized"><img decoding="async" src="http://collectif-lereseau.com/wp-content/uploads/2019/04/Camille-Dampierre-956x1024.png" alt="" class="wp-image-303" width="229" height="245" srcset="https://collectif-lereseau.com/wp-content/uploads/2019/04/Camille-Dampierre-956x1024.png 956w, https://collectif-lereseau.com/wp-content/uploads/2019/04/Camille-Dampierre-280x300.png 280w, https://collectif-lereseau.com/wp-content/uploads/2019/04/Camille-Dampierre-768x822.png 768w, https://collectif-lereseau.com/wp-content/uploads/2019/04/Camille-Dampierre-480x514.png 480w, https://collectif-lereseau.com/wp-content/uploads/2019/04/Camille-Dampierre.png 1103w" sizes="(max-width: 229px) 100vw, 229px" /></figure></div>



<p>Forte de nombreuses expériences associatives et d’un diplôme en Information et Communication je m’installe en freelance et crée mon entreprise (<em>Canal 104</em>) en février 2016. Depuis janvier 2019, je fais partie du collectif <em>Le Réseau</em>, et j’alterne au grès des projets et des clients, entre les casquettes de réalisatrice audiovisuelle, graphiste et photographe.&nbsp;</p>



<p>Mes clients sont éclectiques et proviennent d’univers multiples. J’ai eu l’occasion de monter des projets avec des acteurs du domaine publiques, telles que des collectivités territoriales, mais aussi avec des organismes privés.</p>



<p>Curieuse de nature, j’aime contempler et interroger le monde qui m’entoure au travers de portraits, de reportages ou bien de travaux plus orientés vers le documentaire. Passionnée par la communication, j’aime monter des projets qui répondent aux besoins de mes clients et réaliser des supports multimédias qui sachent résonner avec leurs envies.&nbsp; &nbsp; &nbsp; &nbsp; &nbsp; &nbsp; &nbsp; </p>



<p>Derrière chaque projet c’est l’aventure humaine, la rencontre et l’échange qui m’animent !</p>



<p>  &nbsp; &nbsp; &nbsp; &nbsp; &nbsp; &nbsp; &nbsp; &nbsp; &nbsp; &nbsp; &nbsp; &nbsp; &nbsp; &nbsp; &nbsp; &nbsp; &nbsp; &nbsp; &nbsp; &nbsp; &nbsp; &nbsp; <em><strong>•&nbsp;<a href="http://www.instagram.com/camille_damp">Instagram&nbsp;</a>&nbsp; &nbsp; •&nbsp;<a href="http://www.instagram.com/camille_damp_onfilm/">Argentique</a>&nbsp; &nbsp; &nbsp;&nbsp;•&nbsp;<a href="https://www.facebook.com/CamilleDamp/">Facebook</a>&nbsp; &nbsp; &nbsp; •&nbsp;<a href="http://www.camilledampierre.com">Site Web</a></strong></em></p>
</div>
</div>

<p>[FinalTilesGallery id=&rsquo;7&prime;] Forte de nombreuses expériences associatives et d’un diplôme en Information et Communication je m’installe en freelance et crée mon entreprise (Canal 104) en février 2016. Depuis janvier 2019, je fais partie du collectif Le Réseau, et j’alterne au grès des projets et des clients, entre les casquettes de réalisatrice audiovisuelle, graphiste et photographe.&nbsp;<br /><a class="moretag" href="https://collectif-lereseau.com/index.php/galerie/">+ Lire Plus</a></p>
